{"id":33,"date":"2023-07-26T20:05:23","date_gmt":"2023-07-26T23:05:23","guid":{"rendered":"https:\/\/bezerraz.com\/index.php\/home\/"},"modified":"2024-02-11T02:36:51","modified_gmt":"2024-02-11T05:36:51","slug":"home","status":"publish","type":"page","link":"https:\/\/bezerraz.com\/index.php\/home\/","title":{"rendered":"Sites"},"content":{"rendered":"\t\t<div data-elementor-type=\"wp-page\" data-elementor-id=\"33\" class=\"elementor elementor-33\" data-elementor-post-type=\"page\">\n\t\t\t\t\t\t<section class=\"elementor-section elementor-top-section elementor-element elementor-element-162ad988 elementor-section-height-min-height elementor-section-content-middle elementor-section-boxed elementor-section-height-default elementor-section-items-middle\" data-id=\"162ad988\" data-element_type=\"section\" data-settings=\"{&quot;background_background&quot;:&quot;gradient&quot;}\">\n\t\t\t\t\t\t\t<div class=\"elementor-background-overlay\"><\/div>\n\t\t\t\t\t\t\t<div class=\"elementor-container elementor-column-gap-no\">\n\t\t\t\t\t<div class=\"elementor-column elementor-col-100 elementor-top-column elementor-element elementor-element-421722ca\" data-id=\"421722ca\" data-element_type=\"column\">\n\t\t\t<div class=\"elementor-widget-wrap elementor-element-populated\">\n\t\t\t\t\t\t<div class=\"elementor-element elementor-element-26e014d elementor-widget elementor-widget-image\" data-id=\"26e014d\" data-element_type=\"widget\" data-widget_type=\"image.default\">\n\t\t\t\t<div class=\"elementor-widget-container\">\n\t\t\t<style>\/*! elementor - v3.21.0 - 08-05-2024 *\/\n.elementor-widget-image{text-align:center}.elementor-widget-image a{display:inline-block}.elementor-widget-image a img[src$=\".svg\"]{width:48px}.elementor-widget-image img{vertical-align:middle;display:inline-block}<\/style>\t\t\t\t\t\t\t\t\t\t<img fetchpriority=\"high\" decoding=\"async\" width=\"800\" height=\"450\" src=\"https:\/\/bezerraz.com\/wp-content\/uploads\/2023\/07\/bezerrazlogo-1024x576.png\" class=\"elementor-animation-skew attachment-large size-large wp-image-88\" alt=\"\" srcset=\"https:\/\/bezerraz.com\/wp-content\/uploads\/2023\/07\/bezerrazlogo-1024x576.png 1024w, https:\/\/bezerraz.com\/wp-content\/uploads\/2023\/07\/bezerrazlogo-300x169.png 300w, https:\/\/bezerraz.com\/wp-content\/uploads\/2023\/07\/bezerrazlogo-768x432.png 768w, https:\/\/bezerraz.com\/wp-content\/uploads\/2023\/07\/bezerrazlogo-1536x864.png 1536w, https:\/\/bezerraz.com\/wp-content\/uploads\/2023\/07\/bezerrazlogo.png 1920w\" sizes=\"(max-width: 800px) 100vw, 800px\" \/>\t\t\t\t\t\t\t\t\t\t\t\t\t<\/div>\n\t\t\t\t<\/div>\n\t\t\t\t<div class=\"elementor-element elementor-element-6e31b5b8 elementor-align-center elementor-widget__width-auto elementor-fixed elementor-hidden-phone elementor-icon-list--layout-traditional elementor-list-item-link-full_width elementor-widget elementor-widget-icon-list\" data-id=\"6e31b5b8\" data-element_type=\"widget\" data-settings=\"{&quot;_position&quot;:&quot;fixed&quot;}\" data-widget_type=\"icon-list.default\">\n\t\t\t\t<div class=\"elementor-widget-container\">\n\t\t\t<link rel=\"stylesheet\" href=\"https:\/\/bezerraz.com\/wp-content\/plugins\/elementor\/assets\/css\/widget-icon-list.min.css\">\t\t<ul class=\"elementor-icon-list-items\">\n\t\t\t\t\t\t\t<li class=\"elementor-icon-list-item\">\n\t\t\t\t\t\t\t\t\t\t\t<span class=\"elementor-icon-list-icon\">\n\t\t\t\t\t\t\t<svg xmlns=\"http:\/\/www.w3.org\/2000\/svg\" id=\"b10ec52c-f7dd-4459-9d2c-ac37a8834fcc\" data-name=\"Layer 1\" viewBox=\"0 0 26 17\"><path d=\"M10.5312,7.8558a3.879,3.879,0,0,0,1.208-.9629A3.9577,3.9577,0,0,0,12.47,4.3954a4.5349,4.5349,0,0,0-.7248-2.5878A4.71,4.71,0,0,0,7.6448,0H0V16.9509H7.128a10.2867,10.2867,0,0,0,2.2352-.2277,4.2314,4.2314,0,0,0,1.7872-.8516,4.5823,4.5823,0,0,0,1.12-1.3331,5.2138,5.2138,0,0,0,.7056-2.7026,4.74,4.74,0,0,0-.616-2.4836A3.6054,3.6054,0,0,0,10.5312,7.8558ZM3.1536,2.9442H6.5968a5.62,5.62,0,0,1,1.87.2642,1.5389,1.5389,0,0,1,.85,1.5677,1.6457,1.6457,0,0,1-.6432,1.4877A3.0229,3.0229,0,0,1,7,6.6844H3.1536Zm5.4448,10.767a3.5077,3.5077,0,0,1-1.6032.2989H3.1536V9.49H7.048a3.7755,3.7755,0,0,1,1.584.2851,1.8389,1.8389,0,0,1,1.0064,1.82A2.1747,2.1747,0,0,1,8.5984,13.7112Z\" style=\"fill-rule:evenodd\"><\/path><rect x=\"16.6111\" y=\"0.7083\" width=\"6.5\" height=\"2.8334\"><\/rect><path d=\"M25.8888,9.0767A5.75,5.75,0,0,0,24.9,6.5917a4.9645,4.9645,0,0,0-2.1363-1.7783A7.1692,7.1692,0,0,0,19.8521,4.25a6.0781,6.0781,0,0,0-4.4252,1.6667A6.4071,6.4071,0,0,0,13.7222,10.71q0,3.3325,1.891,4.8117A6.86,6.86,0,0,0,19.9722,17a6.1187,6.1187,0,0,0,4.6571-1.7516,3.9255,3.9255,0,0,0,1.1985-2.1734H22.5234a2.6327,2.6327,0,0,1-.667.8267,2.7962,2.7962,0,0,1-1.7944.55,3.3579,3.3579,0,0,1-1.7859-.4533,2.8589,2.8589,0,0,1-1.2968-2.5351h9.0178A15.0711,15.0711,0,0,0,25.8888,9.0767Zm-8.8283.3117a3.2372,3.2372,0,0,1,.8634-1.86A2.6261,2.6261,0,0,1,19.8554,6.84a2.9016,2.9016,0,0,1,1.9214.6467,2.6108,2.6108,0,0,1,.8616,1.9017Z\" style=\"fill-rule:evenodd\"><\/path><\/svg>\t\t\t\t\t\t<\/span>\n\t\t\t\t\t\t\t\t\t\t<span class=\"elementor-icon-list-text\"><\/span>\n\t\t\t\t\t\t\t\t\t<\/li>\n\t\t\t\t\t\t\t\t<li class=\"elementor-icon-list-item\">\n\t\t\t\t\t\t\t\t\t\t\t<span class=\"elementor-icon-list-icon\">\n\t\t\t\t\t\t\t<svg xmlns=\"http:\/\/www.w3.org\/2000\/svg\" id=\"bd67299f-5599-479a-bf70-4e4d81b6f46d\" data-name=\"Layer 1\" viewBox=\"0 0 26 26\"><g id=\"a8d46d9e-a044-4fc7-bf27-0949a0f793f1\" data-name=\"Page-1\"><g id=\"f7d0b045-0b9f-48dc-9606-9c9ce693f075\" data-name=\"Homepage\"><g id=\"b8e1a78b-9888-4293-8175-07f2e92c9250\" data-name=\"Sticky-Social-Icons\"><g id=\"e971526b-6b4c-4888-935b-b2c4ca5bd263\" data-name=\"Group-14\"><g id=\"b5b1ac06-87b2-42fb-94d4-f91bf2a0755e\" data-name=\"Group-13\"><path id=\"ac813cea-fb39-47d0-be3e-085441926ae5\" data-name=\"Fill-1\" d=\"M16.7917,14.3189a54.7534,54.7534,0,0,1,2.76,10.0561,12.8324,12.8324,0,0,0,2.3773-1.9462A13.2394,13.2394,0,0,0,25.4583,15.32a15.1814,15.1814,0,0,0-8.6666-1.0014\" style=\"fill-rule:evenodd\"><\/path><path id=\"a1407bfd-cb1b-4250-9d7c-f5794b6d5bc1\" data-name=\"Fill-3\" d=\"M22.2083,3.813l-.0108-.0111A12.792,12.792,0,0,0,9.2083.6055,52.6451,52.6451,0,0,1,14.461,8.6667,29.7961,29.7961,0,0,0,22.2083,3.813\" style=\"fill-rule:evenodd\"><\/path><path id=\"e097ba53-3bb8-43e6-991d-518a23009525\" data-name=\"Fill-5\" d=\"M23.2485,4.875a31.1341,31.1341,0,0,1-8.0818,5.1032q.6519,1.3313,1.2324,2.7041a17.4207,17.4207,0,0,1,3.3057-.3154,17.2419,17.2419,0,0,1,6.2817,1.1748c.0086-.1963.0135-.3932.0135-.5909A13.092,13.092,0,0,0,23.2485,4.875\" style=\"fill-rule:evenodd\"><\/path><path id=\"a4009a4d-2188-4814-ab92-c8902b9ff9b4\" data-name=\"Fill-7\" d=\"M4.875,23.2747A13.3264,13.3264,0,0,0,13.0045,26a13.4633,13.4633,0,0,0,5.4122-1.1235A49.6187,49.6187,0,0,0,15.434,14.625a16.4225,16.4225,0,0,0-10.559,8.65\" style=\"fill-rule:evenodd\"><\/path><path id=\"ab373d15-d7a0-4cf4-8ceb-8f45f672fc01\" data-name=\"Fill-9\" d=\"M12.6061,13.9719a17.5153,17.5153,0,0,1,2.0189-.7072q-.5418-1.233-1.1474-2.4314A31.2581,31.2581,0,0,1,2.6068,12.7638q-1.3066,0-2.5956-.1054C.0043,12.83,0,13.0016,0,13.1741A12.6518,12.6518,0,0,0,3.7634,22.206l.0025.0023a17.5249,17.5249,0,0,1,8.84-8.2364\" style=\"fill-rule:evenodd\"><\/path><path id=\"b5947242-3bbc-469f-817e-f43e83039555\" data-name=\"Fill-11\" d=\"M13,9.0446A51.0626,51.0626,0,0,0,7.5187,1.0833,13.2593,13.2593,0,0,0,3.7156,3.6659,12.6242,12.6242,0,0,0,0,10.7329q1.2486.0991,2.5238.1A31.3614,31.3614,0,0,0,13,9.0446\" style=\"fill-rule:evenodd\"><\/path><\/g><\/g><\/g><\/g><\/g><\/svg>\t\t\t\t\t\t<\/span>\n\t\t\t\t\t\t\t\t\t\t<span class=\"elementor-icon-list-text\"><\/span>\n\t\t\t\t\t\t\t\t\t<\/li>\n\t\t\t\t\t\t\t\t<li class=\"elementor-icon-list-item\">\n\t\t\t\t\t\t\t\t\t\t\t<span class=\"elementor-icon-list-icon\">\n\t\t\t\t\t\t\t<svg xmlns=\"http:\/\/www.w3.org\/2000\/svg\" id=\"a5b66522-2d0b-4d2b-9ca0-25f662c860cf\" data-name=\"Layer 1\" viewBox=\"0 0 26 26\"><g id=\"b72f5698-1c43-4a08-8b57-8ac749a07216\" data-name=\"Page-1\"><g id=\"f731df14-8d9a-4002-8f9a-a848309208fa\" data-name=\"Homepage\"><g id=\"bdfa7f62-b961-47b8-873b-1fb70dc137d1\" data-name=\"Sticky-Social-Icons\"><g id=\"f7176559-406d-4faa-b9a3-f0818c0693ca\" data-name=\"Group-5\"><path id=\"e8aaf532-0893-42c1-aea8-a21edf8137c2\" data-name=\"Fill-1\" d=\"M23.1073,4.3306A1.4446,1.4446,0,1,0,21.663,5.7791a1.45,1.45,0,0,0,1.4443-1.4485ZM13.01,5.7807a7.2151,7.2151,0,1,0,7.208,7.2146A7.2075,7.2075,0,0,0,13.01,5.7807ZM25.9918,13.12c0,1.9159.022,3.8322-.006,5.7476a7.2237,7.2237,0,0,1-5.399,6.8873,6.8057,6.8057,0,0,1-1.7214.2295c-3.9072.0017-7.8149.0427-11.7212-.0132a6.97,6.97,0,0,1-6.27-3.7959,6.7,6.7,0,0,1-.8578-3.3476c-.0046-3.8968-.04-7.794.0115-11.69A6.97,6.97,0,0,1,3.7357.9106a6.867,6.867,0,0,1,3.53-.907c3.8819.001,7.764-.0125,11.6456.0071a6.8893,6.8893,0,0,1,4.5545,1.7279A7.03,7.03,0,0,1,25.8718,5.93a7.7869,7.7869,0,0,1,.1155,1.3339c.012,1.9519.0052,3.904.0052,5.8559Z\" transform=\"translate(0 0)\" style=\"fill-rule:evenodd\"><\/path><path id=\"ae30d5b5-b0cd-4931-87e3-deb52029baa9\" data-name=\"Fill-3\" d=\"M12.9971,8.3571a4.6429,4.6429,0,1,1-4.64,4.6445,4.6422,4.6422,0,0,1,4.64-4.6445\" transform=\"translate(0 0)\" style=\"fill-rule:evenodd\"><\/path><\/g><\/g><\/g><\/g><\/svg>\t\t\t\t\t\t<\/span>\n\t\t\t\t\t\t\t\t\t\t<span class=\"elementor-icon-list-text\"><\/span>\n\t\t\t\t\t\t\t\t\t<\/li>\n\t\t\t\t\t\t\t\t<li class=\"elementor-icon-list-item\">\n\t\t\t\t\t\t\t\t\t\t\t<span class=\"elementor-icon-list-icon\">\n\t\t\t\t\t\t\t<i aria-hidden=\"true\" class=\"fab fa-facebook-f\"><\/i>\t\t\t\t\t\t<\/span>\n\t\t\t\t\t\t\t\t\t\t<span class=\"elementor-icon-list-text\"><\/span>\n\t\t\t\t\t\t\t\t\t<\/li>\n\t\t\t\t\t\t<\/ul>\n\t\t\t\t<\/div>\n\t\t\t\t<\/div>\n\t\t\t\t\t<\/div>\n\t\t<\/div>\n\t\t\t\t\t<\/div>\n\t\t<\/section>\n\t\t\t\t<section class=\"elementor-section elementor-top-section elementor-element elementor-element-f5152f1 elementor-section-full_width elementor-section-height-default elementor-section-height-default\" data-id=\"f5152f1\" data-element_type=\"section\">\n\t\t\t\t\t\t<div class=\"elementor-container elementor-column-gap-default\">\n\t\t\t\t\t<div class=\"elementor-column elementor-col-100 elementor-top-column elementor-element elementor-element-0140b8e\" data-id=\"0140b8e\" data-element_type=\"column\">\n\t\t\t<div class=\"elementor-widget-wrap elementor-element-populated\">\n\t\t\t\t\t\t<div class=\"elementor-element elementor-element-5cc7d11 elementor-widget elementor-widget-heading\" data-id=\"5cc7d11\" data-element_type=\"widget\" data-widget_type=\"heading.default\">\n\t\t\t\t<div class=\"elementor-widget-container\">\n\t\t\t<style>\/*! elementor - v3.21.0 - 08-05-2024 *\/\n.elementor-heading-title{padding:0;margin:0;line-height:1}.elementor-widget-heading .elementor-heading-title[class*=elementor-size-]>a{color:inherit;font-size:inherit;line-height:inherit}.elementor-widget-heading .elementor-heading-title.elementor-size-small{font-size:15px}.elementor-widget-heading .elementor-heading-title.elementor-size-medium{font-size:19px}.elementor-widget-heading .elementor-heading-title.elementor-size-large{font-size:29px}.elementor-widget-heading .elementor-heading-title.elementor-size-xl{font-size:39px}.elementor-widget-heading .elementor-heading-title.elementor-size-xxl{font-size:59px}<\/style><h4 class=\"elementor-heading-title elementor-size-default\">alguns de nossos clientes<\/h4>\t\t<\/div>\n\t\t\t\t<\/div>\n\t\t\t\t<div class=\"elementor-element elementor-element-79f1e62 elementor-widget elementor-widget-heading\" data-id=\"79f1e62\" data-element_type=\"widget\" data-widget_type=\"heading.default\">\n\t\t\t\t<div class=\"elementor-widget-container\">\n\t\t\t<h5 class=\"elementor-heading-title elementor-size-default\">parte dos nossos clientes n\u00e3o liberam ainda a divulga\u00e7\u00e3o do link<\/h5>\t\t<\/div>\n\t\t\t\t<\/div>\n\t\t\t\t<div class=\"elementor-element elementor-element-d6b855e elementor-widget elementor-widget-image\" data-id=\"d6b855e\" data-element_type=\"widget\" data-widget_type=\"image.default\">\n\t\t\t\t<div class=\"elementor-widget-container\">\n\t\t\t\t\t\t\t\t\t\t\t\t\t<img decoding=\"async\" width=\"800\" height=\"359\" src=\"https:\/\/bezerraz.com\/wp-content\/uploads\/2023\/07\/sanya2-1024x459.png\" class=\"attachment-large size-large wp-image-104\" alt=\"\" srcset=\"https:\/\/bezerraz.com\/wp-content\/uploads\/2023\/07\/sanya2-1024x459.png 1024w, https:\/\/bezerraz.com\/wp-content\/uploads\/2023\/07\/sanya2-300x134.png 300w, https:\/\/bezerraz.com\/wp-content\/uploads\/2023\/07\/sanya2-768x344.png 768w, https:\/\/bezerraz.com\/wp-content\/uploads\/2023\/07\/sanya2.png 1160w\" sizes=\"(max-width: 800px) 100vw, 800px\" \/>\t\t\t\t\t\t\t\t\t\t\t\t\t<\/div>\n\t\t\t\t<\/div>\n\t\t\t\t<div class=\"elementor-element elementor-element-e915224 elementor-widget elementor-widget-image\" data-id=\"e915224\" data-element_type=\"widget\" data-widget_type=\"image.default\">\n\t\t\t\t<div class=\"elementor-widget-container\">\n\t\t\t\t\t\t\t\t\t\t\t\t\t<img decoding=\"async\" width=\"800\" height=\"359\" src=\"https:\/\/bezerraz.com\/wp-content\/uploads\/2023\/07\/sanya1-1024x459.png\" class=\"attachment-large size-large wp-image-105\" alt=\"\" srcset=\"https:\/\/bezerraz.com\/wp-content\/uploads\/2023\/07\/sanya1-1024x459.png 1024w, https:\/\/bezerraz.com\/wp-content\/uploads\/2023\/07\/sanya1-300x134.png 300w, https:\/\/bezerraz.com\/wp-content\/uploads\/2023\/07\/sanya1-768x344.png 768w, https:\/\/bezerraz.com\/wp-content\/uploads\/2023\/07\/sanya1.png 1160w\" sizes=\"(max-width: 800px) 100vw, 800px\" \/>\t\t\t\t\t\t\t\t\t\t\t\t\t<\/div>\n\t\t\t\t<\/div>\n\t\t\t\t<div class=\"elementor-element elementor-element-97a2e17 elementor-widget elementor-widget-image\" data-id=\"97a2e17\" data-element_type=\"widget\" data-widget_type=\"image.default\">\n\t\t\t\t<div class=\"elementor-widget-container\">\n\t\t\t\t\t\t\t\t\t\t\t\t\t<img loading=\"lazy\" decoding=\"async\" width=\"800\" height=\"359\" src=\"https:\/\/bezerraz.com\/wp-content\/uploads\/2023\/07\/paradise-1024x459.png\" class=\"attachment-large size-large wp-image-107\" alt=\"\" srcset=\"https:\/\/bezerraz.com\/wp-content\/uploads\/2023\/07\/paradise-1024x459.png 1024w, https:\/\/bezerraz.com\/wp-content\/uploads\/2023\/07\/paradise-300x134.png 300w, https:\/\/bezerraz.com\/wp-content\/uploads\/2023\/07\/paradise-768x344.png 768w, https:\/\/bezerraz.com\/wp-content\/uploads\/2023\/07\/paradise.png 1160w\" sizes=\"(max-width: 800px) 100vw, 800px\" \/>\t\t\t\t\t\t\t\t\t\t\t\t\t<\/div>\n\t\t\t\t<\/div>\n\t\t\t\t<div class=\"elementor-element elementor-element-ead1565 elementor-widget elementor-widget-image\" data-id=\"ead1565\" data-element_type=\"widget\" data-widget_type=\"image.default\">\n\t\t\t\t<div class=\"elementor-widget-container\">\n\t\t\t\t\t\t\t\t\t\t\t\t\t<img loading=\"lazy\" decoding=\"async\" width=\"800\" height=\"359\" src=\"https:\/\/bezerraz.com\/wp-content\/uploads\/2023\/07\/taka-1024x459.png\" class=\"attachment-large size-large wp-image-109\" alt=\"\" srcset=\"https:\/\/bezerraz.com\/wp-content\/uploads\/2023\/07\/taka-1024x459.png 1024w, https:\/\/bezerraz.com\/wp-content\/uploads\/2023\/07\/taka-300x134.png 300w, https:\/\/bezerraz.com\/wp-content\/uploads\/2023\/07\/taka-768x344.png 768w, https:\/\/bezerraz.com\/wp-content\/uploads\/2023\/07\/taka.png 1160w\" sizes=\"(max-width: 800px) 100vw, 800px\" \/>\t\t\t\t\t\t\t\t\t\t\t\t\t<\/div>\n\t\t\t\t<\/div>\n\t\t\t\t<div class=\"elementor-element elementor-element-bebdf22 elementor-widget elementor-widget-image\" data-id=\"bebdf22\" data-element_type=\"widget\" data-widget_type=\"image.default\">\n\t\t\t\t<div class=\"elementor-widget-container\">\n\t\t\t\t\t\t\t\t\t\t\t\t\t<img loading=\"lazy\" decoding=\"async\" width=\"800\" height=\"359\" src=\"https:\/\/bezerraz.com\/wp-content\/uploads\/2023\/07\/taka2-1024x459.png\" class=\"attachment-large size-large wp-image-110\" alt=\"\" srcset=\"https:\/\/bezerraz.com\/wp-content\/uploads\/2023\/07\/taka2-1024x459.png 1024w, https:\/\/bezerraz.com\/wp-content\/uploads\/2023\/07\/taka2-300x134.png 300w, https:\/\/bezerraz.com\/wp-content\/uploads\/2023\/07\/taka2-768x344.png 768w, https:\/\/bezerraz.com\/wp-content\/uploads\/2023\/07\/taka2.png 1160w\" sizes=\"(max-width: 800px) 100vw, 800px\" \/>\t\t\t\t\t\t\t\t\t\t\t\t\t<\/div>\n\t\t\t\t<\/div>\n\t\t\t\t<div class=\"elementor-element elementor-element-1fe40d0 elementor-widget elementor-widget-image\" data-id=\"1fe40d0\" data-element_type=\"widget\" data-widget_type=\"image.default\">\n\t\t\t\t<div class=\"elementor-widget-container\">\n\t\t\t\t\t\t\t\t\t\t\t\t\t<img loading=\"lazy\" decoding=\"async\" width=\"800\" height=\"359\" src=\"https:\/\/bezerraz.com\/wp-content\/uploads\/2023\/07\/yiwu-1024x459.png\" class=\"attachment-large size-large wp-image-111\" alt=\"\" srcset=\"https:\/\/bezerraz.com\/wp-content\/uploads\/2023\/07\/yiwu-1024x459.png 1024w, https:\/\/bezerraz.com\/wp-content\/uploads\/2023\/07\/yiwu-300x134.png 300w, https:\/\/bezerraz.com\/wp-content\/uploads\/2023\/07\/yiwu-768x344.png 768w, https:\/\/bezerraz.com\/wp-content\/uploads\/2023\/07\/yiwu.png 1160w\" sizes=\"(max-width: 800px) 100vw, 800px\" \/>\t\t\t\t\t\t\t\t\t\t\t\t\t<\/div>\n\t\t\t\t<\/div>\n\t\t\t\t<div class=\"elementor-element elementor-element-ef279e4 elementor-widget elementor-widget-image\" data-id=\"ef279e4\" data-element_type=\"widget\" data-widget_type=\"image.default\">\n\t\t\t\t<div class=\"elementor-widget-container\">\n\t\t\t\t\t\t\t\t\t\t\t\t\t<img loading=\"lazy\" decoding=\"async\" width=\"800\" height=\"359\" src=\"https:\/\/bezerraz.com\/wp-content\/uploads\/2023\/07\/benle-1024x459.png\" class=\"attachment-large size-large wp-image-106\" alt=\"\" srcset=\"https:\/\/bezerraz.com\/wp-content\/uploads\/2023\/07\/benle-1024x459.png 1024w, https:\/\/bezerraz.com\/wp-content\/uploads\/2023\/07\/benle-300x134.png 300w, https:\/\/bezerraz.com\/wp-content\/uploads\/2023\/07\/benle-768x344.png 768w, https:\/\/bezerraz.com\/wp-content\/uploads\/2023\/07\/benle.png 1160w\" sizes=\"(max-width: 800px) 100vw, 800px\" \/>\t\t\t\t\t\t\t\t\t\t\t\t\t<\/div>\n\t\t\t\t<\/div>\n\t\t\t\t\t<\/div>\n\t\t<\/div>\n\t\t\t\t\t<\/div>\n\t\t<\/section>\n\t\t\t\t<section class=\"elementor-section elementor-top-section elementor-element elementor-element-9559931 elementor-section-boxed elementor-section-height-default elementor-section-height-default\" data-id=\"9559931\" data-element_type=\"section\">\n\t\t\t\t\t\t<div class=\"elementor-container elementor-column-gap-default\">\n\t\t\t\t\t<div class=\"elementor-column elementor-col-100 elementor-top-column elementor-element elementor-element-bdbd77b\" data-id=\"bdbd77b\" data-element_type=\"column\">\n\t\t\t<div class=\"elementor-widget-wrap\">\n\t\t\t\t\t\t\t<\/div>\n\t\t<\/div>\n\t\t\t\t\t<\/div>\n\t\t<\/section>\n\t\t\t\t<\/div>\n\t\t","protected":false},"excerpt":{"rendered":"<p>alguns de nossos clientes parte dos nossos clientes n\u00e3o liberam ainda a divulga\u00e7\u00e3o do link<\/p>\n","protected":false},"author":1,"featured_media":0,"parent":0,"menu_order":0,"comment_status":"closed","ping_status":"closed","template":"elementor_header_footer","meta":{"_monsterinsights_skip_tracking":false,"_monsterinsights_sitenote_active":false,"_monsterinsights_sitenote_note":"","_monsterinsights_sitenote_category":0},"aioseo_notices":[],"_links":{"self":[{"href":"https:\/\/bezerraz.com\/index.php\/wp-json\/wp\/v2\/pages\/33"}],"collection":[{"href":"https:\/\/bezerraz.com\/index.php\/wp-json\/wp\/v2\/pages"}],"about":[{"href":"https:\/\/bezerraz.com\/index.php\/wp-json\/wp\/v2\/types\/page"}],"author":[{"embeddable":true,"href":"https:\/\/bezerraz.com\/index.php\/wp-json\/wp\/v2\/users\/1"}],"replies":[{"embeddable":true,"href":"https:\/\/bezerraz.com\/index.php\/wp-json\/wp\/v2\/comments?post=33"}],"version-history":[{"count":20,"href":"https:\/\/bezerraz.com\/index.php\/wp-json\/wp\/v2\/pages\/33\/revisions"}],"predecessor-version":[{"id":134,"href":"https:\/\/bezerraz.com\/index.php\/wp-json\/wp\/v2\/pages\/33\/revisions\/134"}],"wp:attachment":[{"href":"https:\/\/bezerraz.com\/index.php\/wp-json\/wp\/v2\/media?parent=33"}],"curies":[{"name":"wp","href":"https:\/\/api.w.org\/{rel}","templated":true}]}}